5*m = 9*m. Suppose -2*d - j + 6 = 0, m = d - 0*j - 2*j + 2. What is the remainder when d is divided by 1?
0
Let n = 7 + -5. Suppose -n*w - 8 = -3*w. What is the remainder when 29 is divided by w?
5
Let k be ((-57)/1 + -2)/1. Let x = k - -82. What is the remainder when x is divided by ((-6)/5)/((-6)/40)?
7
What is the remainder when 43 is divided by 57/4 - (-5 - (-68)/16)?
13
Let f(w) = w**2 + w. Let x be f(0). Suppose x = -2*c - 3*c + 5*d + 35, -19 = -c - 3*d. What is the remainder when 27 is divided by c?
7
Let f = 127 + -125. Calculate the remainder when f is divided by (1 + 0)/((-1)/(-2)).
0
Suppose 5*m - 35 = 4*m. What is the remainder when m is divided by 84/9 - 1/3?
8
Let j(c) = c + 1. Suppose -5*l = -2*l + 3*o - 15, o + 7 = l. Suppose y - 49 = -4*u, -17 = -0*u - u - 5*y. Calculate the remainder when u is divided by j(l).
5
Let s(n) = -n**2 - 12*n - 25. Calculate the remainder when 23 is divided by s(-8).
2
Suppose 5*u + 33 = -2*c, -2*c + c + 3 = -4*u. Let h = 5 + c. What is the remainder when -2*34/h + -1 is divided by 9?
7
Suppose 38 = d + 3*m, 7*d - 2*d - 190 = 2*m. Let k be 1 + -2 + (2 - -3). Suppose -50 = -b - k*b. What is the remainder when d is divided by b?
8
Suppose j - 4 = 0, -4*y = y - 3*j - 18. Let o = y - -6. Calculate the remainder when 33 is divided by o.
9
Let c = 15 + -5. Let d be c/(((-4)/(-10))/(-1)). Let h = d - -44. What is the remainder when h is divided by 7?
5
Let x(w) be the first derivative of -w**2/2 + 5*w + 6. What is the remainder when 63 is divided by x(-11)?
15
Let s = 8 - 6. Suppose 4*c - s*c = 10. Suppose 5*z + c = 40. What is the remainder when z is divided by 3?
1
Suppose 0 = -4*h + 7 + 1. Let f(i) = 0*i**h + 2*i - 2 + 5*i**2 - i**2. What is the remainder when f(3) is divided by 21?
19
Let m = -5 - -8. Suppose -5*w = -4*l - 13, -6*l = -w - 3*l + 7. Calculate the remainder when m is divided by w.
0
Let a(m) = -m**3 - 9*m**2 - 5*m - 10. Calculate the remainder when 102 is divided by a(-9).
32
Suppose -5*z = -2*j + 56, 5*j - 34 = -4*z + 73. What is the remainder when 43 is divided by j?
20
Let c = 16 + -1. Suppose 0 = -p + w - 0*w + 40, p + 2*w - 49 = 0. What is the remainder when p is divided by c?
13
Suppose 2*c = -5*c + 14. Suppose 3*t + r - 28 = 1, 0 = c*t + 5*r - 15. Calculate the remainder when 28 is divided by t.
8
Let q(r) = -2*r + 3. Let c be q(-12). Let h = 45 - c. What is the remainder when h is divided by 7?
4
Let j = -7 + 13. Suppose -3*v + 3*y = -51, 0 = 3*v - v + 4*y - 46. Let u = 21 - v. Calculate the remainder when j is divided by u.
0
Let t(b) = 7*b + 26. Calculate the remainder when t(7) is divided by 32.
11
Let w(v) = -v**3 - 2*v + 3. Let q(r) = -2*r - 3. What is the remainder when q(-3) is divided by w(0)?
0
Suppose -9 = -3*z + 9. Calculate the remainder when 14 is divided by z.
2
Let y(g) = -g**3 + 5*g**2 - g - 1. Calculate the remainder when ((-28)/42)/((-2)/96) is divided by y(4).
10
Suppose 4*w + z - 185 = 2*z, -2*z + 136 = 3*w. Suppose 0 = 5*x + 5*y - w - 89, 0 = -x + 4*y + 52. Calculate the remainder when x is divided by 17.
15
Suppose 2*f - 4*i = 32, -6 = -f + i + 5. Let o = 17 + -7. What is the remainder when o is divided by f?
4
Suppose 4*i - 28 - 140 = 0. What is the remainder when i is divided by 16?
10
Let r = 11 - -10. Suppose -s - 6 = -2*s. What is the remainder when r is divided by s?
3
Let c = -1658 - -2781. Suppose -339 = -3*k + 2*x - c, 5*k + 1336 = -4*x. What is the remainder when (2/(-3))/(8/k) is divided by 12?
10
Let f(w) = w**2 - 3*w - 7. Let x(u) = u**2 - 5*u + 5. What is the remainder when x(7) is divided by f(-3)?
8
Suppose 7*t - 4*t - 189 = 0. Calculate the remainder when t is divided by 22.
19
Let c(w) = -w**2 + 6*w + 6 - 2 + 2*w**2. Let d = 0 + -7. Calculate the remainder when c(d) is divided by 6.
5
Let a(s) = -6*s - 1. Let k be a(-2). Calculate the remainder when 45 is divided by (4 - 3) + k + 0.
9
Let j = -14 - -24. Suppose u + 4*g - j = -0*u, 2*u = 2*g + 70. What is the remainder when u is divided by 8?
6
Let j = 0 - -3. Let f(z) = z - 1. Let u be f(7). Let t(i) = -i**3 + 5*i**2 + 6*i + 4. Calculate the remainder when t(u) is divided by j.
1
Suppose 3*f - 77 = -4*a, -11*a = -4*f - 7*a + 56. Calculate the remainder when 109 is divided by f.
14
Let q(d) = -d**2 - d + 1. Let h be q(2). Let l = -45 + 63. Calculate the remainder when l is divided by 1*12 + h + 3.
8
Let c(j) = 29*j - 5. Calculate the remainder when c(2) is divided by 11.
9
Let l(u) = 7*u**3 + u**2 + 2*u - 2. Let x(s) = s**2 + 3*s - 5. Calculate the remainder when x(4) is divided by l(1).
7
Suppose 3*n + 5*w = 15, 2*w + 3 = 2*n + 9. Let c(d) = d**2 + d**3 + 0*d + 25 + 0*d. What is the remainder when c(n) is divided by 13?
12
Suppose -6 - 44 = 5*l. Calculate the remainder when (-474)/l + (-6)/15 is divided by 16.
15
Suppose -95 - 61 = -3*w. Suppose 5*u - u = w. What is the remainder when u is divided by 7?
6
Calculate the remainder when 62 is divided by (39/6*-1)/((-1)/2).
10
Let q(x) = x + 4. Let r(g) = 2*g**2 - 11*g - 25. Let f(z) = -z**2 + 6*z + 12. Let a(s) = -9*f(s) - 4*r(s). What is the remainder when q(4) is divided by a(11)?
2
Let d(m) = m**2 + 3*m - 1. Let f be d(-4). Suppose 3*b + v = f*v - 11, 5*b + v = -1. Calculate the remainder when 4 is divided by (b + 1 - 1)*-2.
0
Suppose o = 5*y - 22, 7*o = 3*o - y + 17. What is the remainder when 12 is divided by o?
0
Suppose -2*t = -5*q + 4*q + 55, -5*q - 2*t + 335 = 0. Calculate the remainder when q is divided by 17.
14
Let m(x) = x**3 + 7*x**2 + 7*x + 9. Let t(o) = -o + 3. Let r be t(9). Let b be m(r). Suppose b*z - 20 = z. What is the remainder when z is divided by 6?
4
What is the remainder when 49 is divided by ((-6)/4)/(1/((-224)/24))?
7
Let j = 2 - 1. Let z = j - 0. Calculate the remainder when 9 is divided by (z*-3 - -1) + 7.
4
Let j(l) be the second derivative of l + 0 - 1/6*l**3 + 1/6*l**4 + l**2. Calculate the remainder when 33 is divided by j(3).
16
Suppose 3*f + d - 21 = -d, 3*f = 5*d. Suppose -60 = -7*b + 3*b. Let z = b - f. What is the remainder when 18 is divided by z?
8
Suppose 0 = 8*s - 208 - 88. Suppose 126 = 2*u + 2*p, -3*p + 63 = u - p. Let n = u - s. Calculate the remainder when n is divided by 9.
8
Let q = -259 - -271. Suppose 0 = 4*g - 2*h - 196, 4*h + 110 = -g + 3*g. Calculate the remainder when g is divided by q.
11
Suppose h + 4*v - 20 = -h, 2*h + 10 = 2*v. Let t(r) = -r**3 + r**2 + 13. Let z = 24 + 1. Calculate the remainder when z is divided by t(h).
12
Suppose 2*m - 63 = 3*f, 5*f + 1 = -m - 0*f. Suppose p - 3*r = -r, 2*r = -2*p + m. What is the remainder when 28 is divided by p?
4
Suppose 0 = -5*w + 2*w + 15, -5*w = -4*l + 31. What is the remainder when l is divided by ((-2)/(-2 - -3))/(4/(-8))?
2
Suppose 22 = 4*a - 2*a. Calculate the remainder when 42 is divided by a.
9
Let l be (-3)/(-1) - -1 - 0. Suppose 2*n + n - l*r = -33, -2*n - 2*r - 22 = 0. What is the remainder when 14 is divided by -4 - n - (0 - -2)?
4
Let m(w) = w**3 - 12*w**2 - 9*w - 5. What is the remainder when m(13) is divided by 10?
7
Suppose j + j = 18. Let d be (-6)/j - (-4)/6. Suppose -89 - 60 = -3*n + y, d = -5*n - 4*y + 237. Calculate the remainder when n is divided by 17.
15
Suppose 0*n = 6*n - 204. Calculate the remainder when 65 is divided by n.
31
Let a = -38 + 113. What is the remainder when a is divided by 26?
23
Suppose 5*m - 3*m = 16. What is the remainder when 15 is divided by m?
7
Let m(l) = -l**2 - 2*l. Let g be m(-2). Suppose -2*j = 5*x - g*x - 22, 5*x + 125 = 5*j. What is the remainder when 62 is divided by j?
20
Calculate the remainder when (-2)/(-1 + 21/23) is divided by 12.
11
Let j(k) = -4*k - 16. Let c(u) = -17*u - 64. Let v(d) = -2*c(d) + 9*j(d). Calculate the remainder when 22 is divided by v(-11).
4
Let f(s) = 3*s**2 + 5*s + 7. What is the remainder when 35 is divided by f(-2)?
8
Suppose 2*d - 6 = d. What is the remainder when 3/9 - (-10)/d is divided by 2?
0
Suppose 3*i - 16 = -1. Let v = 0 + 1. What is the remainder when i/(-25) + 12/10 is divided by v?
0
Let u(c) = -c**3 - 5*c**2 - 4*c - 1. Let t be (-5)/(-10) - 7/(-2). Let z(k) = 4*k - 6. What is the remainder when u(-5) is divided by z(t)?
9
Suppose -r + 6 - 3 = 0. Suppose 5*w - 2*l = 120, -w - 41 = -2*w - r*l. Calculate the remainder when w is divided by 7.
5
L